ided by 109?
37
Calculate the remainder when 220 is divided by 213.
7
Calculate the remainder when 120 is divided by 101.
19
What is the remainder when 687 is divided by 32?
15
Calculate the remainder when 41 is divided by 7.
6
What is the remainder when 65 is divided by 4?
1
What is the remainder when 778 is divided by 153?
13
What is the remainder when 1295 is divided by 198?
107
Calculate the remainder when 3581 is divided by 8.
5
Calculate the remainder when 10101 is divided by 43.
39
Calculate the remainder when 3898 is divided by 1296.
10
Calculate the remainder when 672 is divided by 68.
60
What is the remainder when 48 is divided by 48?
0
What is the remainder when 154 is divided by 26?
24
Calculate the remainder when 46 is divided by 12.
10
What is the remainder when 180 is divided by 4?
0
What is the remainder when 663 is divided by 95?
93
Calculate the remainder when 2890 is divided by 49.
48
What is the remainder when 481 is divided by 157?
10
What is the remainder when 1053 is divided by 17?
16
What is the remainder when 3353 is divided by 105?
98
What is the remainder when 2062 is divided by 13?
8
Calculate the remainder when 698 is divided by 228.
14
Calculate the remainder when 1942 is divided by 280.
262
What is the remainder when 250 is divided by 28?
26
What is the remainder when 232 is divided by 28?
8
What is the remainder when 268 is divided by 89?
1
What is the remainder when 2368 is divided by 1155?
58
Calculate the remainder when 1733 is divided by 87.
80
Calculate the remainder when 951 is divided by 53.
50
What is the remainder when 764 is divided by 17?
16
Calculate the remainder when 4365 is divided by 16.
13
Calculate the remainder when 710 is divided by 51.
47
What is the remainder when 7614 is divided by 10?
4
Calculate the remainder when 404 is divided by 58.
56
Calculate the remainder when 151 is divided by 32.
23
What is the remainder when 1423 is divided by 75?
73
Calculate the remainder when 34 is divided by 3.
1
Calculate the remainder when 371 is divided by 95.
86
What is the remainder when 915 is divided by 53?
14
Calculate the remainder when 3651 is divided by 63.
60
What is the remainder when 208 is divided by 204?
4
Calculate the remainder when 381 is divided by 48.
45
Calculate the remainder when 1116 is divided by 32.
28
What is the remainder when 47 is divided by 13?
8
What is the remainder when 377 is divided by 13?
0
Calculate the remainder when 21 is divided by 12.
9
Calculate the remainder when 1072 is divided by 215.
212
Calculate the remainder when 134 is divided by 74.
60
What is the remainder when 170 is divided by 13?
1
Calculate the remainder when 440 is divided by 106.
16
What is the remainder when 6239 is divided by 96?
95
What is the remainder when 156 is divided by 27?
21
Calculate the remainder when 399 is divided by 209.
190
What is the remainder when 93 is divided by 49?
44
Calculate the remainder when 149 is divided by 149.
0
What is the remainder when 22 is divided by 12?
10
Calculate the remainder when 236 is divided by 7.
5
What is the remainder when 818 is divided by 167?
150
What is the remainder when 12286 is divided by 3070?
6
What is the remainder when 527 is divided by 44?
43
Calculate the remainder when 31 is divided by 3.
1
What is the remainder when 185 is divided by 24?
17
Calculate the remainder when 456 is divided by 45.
6
What is the remainder when 367 is divided by 164?
39
What is the remainder when 31 is divided by 5?
1
What is the remainder when 127 is divided by 26?
23
What is the remainder when 727 is divided by 357?
13
What is the remainder when 481 is divided by 101?
77
Calculate the remainder when 64908 is divided by 11.
8
Calculate the remainder when 183 is divided by 23.
22
Calculate the remainder when 3601 is divided by 138.
13
What is the remainder when 93 is divided by 53?
40
Calculate the remainder when 253 is divided by 16.
13
What is the remainder when 243 is divided by 235?
8
Calculate the remainder when 498 is divided by 103.
86
What is the remainder when 160 is divided by 100?
60
Calculate the remainder when 459 is divided by 15.
9
Calculate the remainder when 173 is divided by 44.
41
Calculate the remainder when 1602 is divided by 1600.
2
What is the remainder when 90 is divided by 19?
14
What is the remainder when 1035 is divided by 256?
11
Calculate the remainder when 487 is divided by 68.
11
Calculate the remainder when 689 is divided by 23.
22
Calculate the remainder when 149 is divided by 30.
29
Calculate the remainder when 867 is divided by 33.
9
Calculate the remainder when 153 is divided by 101.
52
What is the remainder when 84 is divided by 24?
12
Calculate the remainder when 707 is divided by 330.
47
Calculate the remainder when 71 is divided by 48.
23
Calculate the remainder when 179 is divided by 47.
38
Calculate the remainder when 8974 is divided by 272.
270
What is the remainder when 513 is divided by 245?
23
What is the remainder when 1233 is divided by 404?
21
What is the remainder when 50 is divided by 16?
2
Calculate the remainder when 694 is divided by 41.
38
Calculate the remainder when 275 is divided by 39.
2
What is the remainder when 8765 is divided by 24?
5
What is the remainder when 594 is divided by 64?
18
Calculate the remainder when 97 is divided by 8.
1
What is the remainder when 237 is divided by 74?
15
Calculate the remainder when 2490 is divided by 42.
12
What is the remainder when 205 is divided by 43?
33
Calculate the remainder when 44 is divided by 25.
19
Calculate the remainder when 596 is divided by 75.
71
What is the remainder when 356 is divided by 44?
4
What is the remainder when 319 is divided by 44?
11
What is the remainder when 658 is divided by 66?
64
What is the remainder when 289 is divided by 76?
61
What is the remainder when 240 is divided by 79?
3
What is the remainder when 781 is divided by 7?
4
What is the remainder when 654 is divided by 33?
27
Calculate the remainder when 193 is divided by 28.
25
What is the remainder when 1003 is divided by 497?
9
What is the remainder when 9308 is divided by 10?
8
What is the remainder when 1822 is divided by 198?
40
What is the remainder when 127 is divided by 39?
10
Calculate the remainder when 1799 is divided by 20.
19
What is the remainder when 306 is divided by 155?
151
What is the remainder when 5 is divided by 4?
1
What is the remainder when 45 is divided by 35?
10
Calculate the remainder when 337 is divided by 49.
43
Calculate the remainder when 213 is divided by 29.
10
What is the remainder when 141 is divided by 11?
9
What is the remainder when 237 is divided by 20?
17
What is the remainder when 3268 is divided by 31?
13
Calculate the remainder when 155 is divided by 8.
3
What is the remainder when 119 is divided by 11?
9
Calculate the remainder when 9746 is divided by 78.
74
What is the remainder when 952 is divided by 81?
61
What is the remainder when 4259 is divided by 164?
159
What is the remainder when 1984 is divided by 47?
10
Calculate the remainder when 417 is divided by 21.
18
What is the remainder when 494 is divided by 31?
29
Calculate the remainder when 5249 is divided by 1735.
44
What is the remainder when 1447 is divided by 285?
22
Calculate the remainder when 359 is divided by 12.
11
What is the remainder when 12851 is divided by 108?
107
What is the remainder when 1271 is divided by 4?
3
Calculate the remainder when 932 is divided by 63.
50
What is the remainder when 955 is divided by 238?
3
Calculate the remainder when 48 is divided by 16.
0
What is the remainder when 65 is divided by 34?
31
What is the remainder when 208 is divided by 30?
28
What is the remainder when 4635 is divided by 38?
37
Calculate the remainder when 382 is divided by 75.
7
What is the remainder when 852 is divided by 48?
36
What is the remainder when 187 is divided by 49?
40
Calculate the remainder when 134 is divided by 20.
14
What is the remainder when 812 is divided by 11?
9
What is the remainder when 246 is divided by 112?
22
What is the remainder when 281 is divided by 99?
83
Calculate the remainder when 26322 is divided by 27.
24
Calculate the remainder when 1040 is divided by 117.
104
What is the remainder when 3068 is divided by 613?
3
What is t